{"id":46,"date":"2014-07-28T13:01:52","date_gmt":"2014-07-28T11:01:52","guid":{"rendered":"http:\/\/sicominformatica.rossoxweb.com\/sicomwp\/?page_id=46"},"modified":"2016-02-01T15:12:14","modified_gmt":"2016-02-01T14:12:14","slug":"consulenza","status":"publish","type":"page","link":"http:\/\/www.sicominformatica.it\/sicomwp\/azienda\/consulenza\/","title":{"rendered":"Consulenza"},"content":{"rendered":"<h3><img loading=\"lazy\" class=\"aligncenter wp-image-93 size-large\" src=\"http:\/\/www.sicominformatica.it\/sicomwp\/wp-content\/uploads\/2014\/07\/consulenza-e-progetti-1024x460.jpg\" alt=\"consulenza-e-progetti\" width=\"750\" height=\"337\" srcset=\"http:\/\/www.sicominformatica.it\/sicomwp\/wp-content\/uploads\/2014\/07\/consulenza-e-progetti-1024x460.jpg 1024w, http:\/\/www.sicominformatica.it\/sicomwp\/wp-content\/uploads\/2014\/07\/consulenza-e-progetti-300x135.jpg 300w, http:\/\/www.sicominformatica.it\/sicomwp\/wp-content\/uploads\/2014\/07\/consulenza-e-progetti.jpg 1600w\" sizes=\"(max-width: 750px) 100vw, 750px\" \/><\/h3>\n<h3>Ambito sviluppo<\/h3>\n<p>Sicom Informatica opera nel settore bancario e nell&#8217;industria ed offre una consulenza che parte dallo studio su problematiche specifiche sino ad arrivare allo sviluppo di Procedure complete, curandone sin dall&#8217;inizio l&#8217;impostazione progettuale.<\/p>\n<h3>Orientamento<\/h3>\n<p>La nostra societ\u00e0 che si \u00e8 specializzata in questi settori \u00e8 in grado di offrirVi una consulenza sia dal punto di vista Amministrativo-Economico sia dal punto di vista Informatico mediante una guida nella scelta del servizio informatico pi\u00f9 consono alle Vostre dimensioni, alla tipologia di attivit\u00e0, al target di clientela e al budget di spesa.<\/p>\n","protected":false},"excerpt":{"rendered":"<p>Ambito sviluppo Sicom Informatica opera nel settore bancario e nell&#8217;industria ed offre una consulenza che parte dallo studio su problematiche specifiche sino ad arrivare allo sviluppo di Procedure complete, curandone sin dall&#8217;inizio l&#8217;impostazione progettuale. Orientamento La nostra societ\u00e0 che si \u00e8 specializzata in questi settori \u00e8 in grado di offrirVi una consulenza sia dal punto [&hellip;]<\/p>\n","protected":false},"author":1,"featured_media":0,"parent":15,"menu_order":2,"comment_status":"closed","ping_status":"closed","template":"","meta":[],"yoast_head":"<!-- This site is optimized with the Yoast SEO plugin v15.5 - https:\/\/yoast.com\/wordpress\/plugins\/seo\/ -->\n<title>Consulenza - Sicom Informatica S.r.l.<\/title>\n<meta name=\"robots\" content=\"index, follow, max-snippet:-1, max-image-preview:large, max-video-preview:-1\" \/>\n<link rel=\"canonical\" href=\"http:\/\/www.sicominformatica.it\/sicomwp\/azienda\/consulenza\/\" \/>\n<meta property=\"og:locale\" content=\"it_IT\" \/>\n<meta property=\"og:type\" content=\"article\" \/>\n<meta property=\"og:title\" content=\"Consulenza - Sicom Informatica S.r.l.\" \/>\n<meta property=\"og:description\" content=\"Ambito sviluppo Sicom Informatica opera nel settore bancario e nell&#8217;industria ed offre una consulenza che parte dallo studio su problematiche specifiche sino ad arrivare allo sviluppo di Procedure complete, curandone sin dall&#8217;inizio l&#8217;impostazione progettuale. Orientamento La nostra societ\u00e0 che si \u00e8 specializzata in questi settori \u00e8 in grado di offrirVi una consulenza sia dal punto [&hellip;]\" \/>\n<meta property=\"og:url\" content=\"http:\/\/www.sicominformatica.it\/sicomwp\/azienda\/consulenza\/\" \/>\n<meta property=\"og:site_name\" content=\"Sicom Informatica S.r.l.\" \/>\n<meta property=\"article:modified_time\" content=\"2016-02-01T14:12:14+00:00\" \/>\n<meta property=\"og:image\" content=\"http:\/\/www.sicominformatica.it\/sicomwp\/wp-content\/uploads\/2014\/07\/consulenza-e-progetti-1024x460.jpg\" \/>\n<meta name=\"twitter:label1\" content=\"Tempo di lettura stimato\">\n\t<meta name=\"twitter:data1\" content=\"0 minuti\">\n<script type=\"application\/ld+json\" class=\"yoast-schema-graph\">{\"@context\":\"https:\/\/schema.org\",\"@graph\":[{\"@type\":\"Organization\",\"@id\":\"http:\/\/www.sicominformatica.it\/sicomwp\/#organization\",\"name\":\"Sicom Informatica S.r.l.\",\"url\":\"http:\/\/www.sicominformatica.it\/sicomwp\/\",\"sameAs\":[],\"logo\":{\"@type\":\"ImageObject\",\"@id\":\"http:\/\/www.sicominformatica.it\/sicomwp\/#logo\",\"inLanguage\":\"it-IT\",\"url\":\"http:\/\/www.sicominformatica.it\/sicomwp\/wp-content\/uploads\/2014\/07\/sicom-trasparente-e1407851073473.png\",\"width\":670,\"height\":196,\"caption\":\"Sicom Informatica S.r.l.\"},\"image\":{\"@id\":\"http:\/\/www.sicominformatica.it\/sicomwp\/#logo\"}},{\"@type\":\"WebSite\",\"@id\":\"http:\/\/www.sicominformatica.it\/sicomwp\/#website\",\"url\":\"http:\/\/www.sicominformatica.it\/sicomwp\/\",\"name\":\"Sicom Informatica S.r.l.\",\"description\":\"Banking Application Service\",\"publisher\":{\"@id\":\"http:\/\/www.sicominformatica.it\/sicomwp\/#organization\"},\"potentialAction\":[{\"@type\":\"SearchAction\",\"target\":\"http:\/\/www.sicominformatica.it\/sicomwp\/?s={search_term_string}\",\"query-input\":\"required name=search_term_string\"}],\"inLanguage\":\"it-IT\"},{\"@type\":\"ImageObject\",\"@id\":\"http:\/\/www.sicominformatica.it\/sicomwp\/azienda\/consulenza\/#primaryimage\",\"inLanguage\":\"it-IT\",\"url\":\"http:\/\/www.sicominformatica.it\/sicomwp\/wp-content\/uploads\/2014\/07\/consulenza-e-progetti.jpg\",\"width\":1600,\"height\":720},{\"@type\":\"WebPage\",\"@id\":\"http:\/\/www.sicominformatica.it\/sicomwp\/azienda\/consulenza\/#webpage\",\"url\":\"http:\/\/www.sicominformatica.it\/sicomwp\/azienda\/consulenza\/\",\"name\":\"Consulenza - Sicom Informatica S.r.l.\",\"isPartOf\":{\"@id\":\"http:\/\/www.sicominformatica.it\/sicomwp\/#website\"},\"primaryImageOfPage\":{\"@id\":\"http:\/\/www.sicominformatica.it\/sicomwp\/azienda\/consulenza\/#primaryimage\"},\"datePublished\":\"2014-07-28T11:01:52+00:00\",\"dateModified\":\"2016-02-01T14:12:14+00:00\",\"inLanguage\":\"it-IT\",\"potentialAction\":[{\"@type\":\"ReadAction\",\"target\":[\"http:\/\/www.sicominformatica.it\/sicomwp\/azienda\/consulenza\/\"]}]}]}<\/script>\n<!-- \/ Yoast SEO plugin. -->","_links":{"self":[{"href":"http:\/\/www.sicominformatica.it\/sicomwp\/wp-json\/wp\/v2\/pages\/46"}],"collection":[{"href":"http:\/\/www.sicominformatica.it\/sicomwp\/wp-json\/wp\/v2\/pages"}],"about":[{"href":"http:\/\/www.sicominformatica.it\/sicomwp\/wp-json\/wp\/v2\/types\/page"}],"author":[{"embeddable":true,"href":"http:\/\/www.sicominformatica.it\/sicomwp\/wp-json\/wp\/v2\/users\/1"}],"replies":[{"embeddable":true,"href":"http:\/\/www.sicominformatica.it\/sicomwp\/wp-json\/wp\/v2\/comments?post=46"}],"version-history":[{"count":3,"href":"http:\/\/www.sicominformatica.it\/sicomwp\/wp-json\/wp\/v2\/pages\/46\/revisions"}],"predecessor-version":[{"id":251,"href":"http:\/\/www.sicominformatica.it\/sicomwp\/wp-json\/wp\/v2\/pages\/46\/revisions\/251"}],"up":[{"embeddable":true,"href":"http:\/\/www.sicominformatica.it\/sicomwp\/wp-json\/wp\/v2\/pages\/15"}],"wp:attachment":[{"href":"http:\/\/www.sicominformatica.it\/sicomwp\/wp-json\/wp\/v2\/media?parent=46"}],"curies":[{"name":"wp","href":"https:\/\/api.w.org\/{rel}","templated":true}]}}