{"id":15,"date":"2014-07-25T16:21:49","date_gmt":"2014-07-25T14:21:49","guid":{"rendered":"http:\/\/sicominformatica.rossoxweb.com\/sicomwp\/?page_id=15"},"modified":"2016-02-01T15:10:43","modified_gmt":"2016-02-01T14:10:43","slug":"azienda","status":"publish","type":"page","link":"http:\/\/www.sicominformatica.it\/sicomwp\/azienda\/","title":{"rendered":"Azienda"},"content":{"rendered":"<h2><img loading=\"lazy\" class=\"aligncenter wp-image-86 size-large\" src=\"http:\/\/www.sicominformatica.it\/sicomwp\/wp-content\/uploads\/2014\/07\/visoffice01-1024x527.jpg\" alt=\"visoffice01\" width=\"750\" height=\"386\" srcset=\"http:\/\/www.sicominformatica.it\/sicomwp\/wp-content\/uploads\/2014\/07\/visoffice01-1024x527.jpg 1024w, http:\/\/www.sicominformatica.it\/sicomwp\/wp-content\/uploads\/2014\/07\/visoffice01-300x154.jpg 300w, http:\/\/www.sicominformatica.it\/sicomwp\/wp-content\/uploads\/2014\/07\/visoffice01.jpg 1940w\" sizes=\"(max-width: 750px) 100vw, 750px\" \/><\/h2>\n<h2>La storia<\/h2>\n<p>Sicom Informatica nasce nel 2000 dall\u2019unione di Professionisti di comprovata esperienza con l\u2019obiettivo di costituire una realt\u00e0 in grado di offrire servizi e prodotti informatici di elevata qualit\u00e0 ed affidabilit\u00e0.<\/p>\n<h2>La nostra missione<\/h2>\n<p>Sicom Informatica \u00e8 societ\u00e0 del gruppo specializzata nell&#8217;erogazione di servizi informatici applicati all&#8217;ambiente bancario. Opera nel settore bancario e nell\u2019industria ed offre servizi che partono dall\u2019intervento su problematiche specifiche sino ad arrivare allo sviluppo di Procedure complete, curandone sin dall\u2019inizio l\u2019impostazione progettuale.<\/p>\n<h2>Lo staff<\/h2>\n<p>L\u2019organico Sicom \u00e8 composto da personale esperto nello studio di fattibilit\u00e0, progettazione, analisi, sviluppo, coordinamento Funzionale e Tecnico di procedure informatiche.<\/p>\n","protected":false},"excerpt":{"rendered":"<p>La storia Sicom Informatica nasce nel 2000 dall\u2019unione di Professionisti di comprovata esperienza con l\u2019obiettivo di costituire una realt\u00e0 in grado di offrire servizi e prodotti informatici di elevata qualit\u00e0 ed affidabilit\u00e0. La nostra missione Sicom Informatica \u00e8 societ\u00e0 del gruppo specializzata nell&#8217;erogazione di servizi informatici applicati all&#8217;ambiente bancario. Opera nel settore bancario e nell\u2019industria [&hellip;]<\/p>\n","protected":false},"author":1,"featured_media":0,"parent":0,"menu_order":1,"comment_status":"closed","ping_status":"closed","template":"","meta":[],"yoast_head":"<!-- This site is optimized with the Yoast SEO plugin v15.5 - https:\/\/yoast.com\/wordpress\/plugins\/seo\/ -->\n<title>Azienda - Sicom Informatica S.r.l.<\/title>\n<meta name=\"robots\" content=\"index, follow, max-snippet:-1, max-image-preview:large, max-video-preview:-1\" \/>\n<link rel=\"canonical\" href=\"http:\/\/www.sicominformatica.it\/sicomwp\/azienda\/\" \/>\n<meta property=\"og:locale\" content=\"it_IT\" \/>\n<meta property=\"og:type\" content=\"article\" \/>\n<meta property=\"og:title\" content=\"Azienda - Sicom Informatica S.r.l.\" \/>\n<meta property=\"og:description\" content=\"La storia Sicom Informatica nasce nel 2000 dall\u2019unione di Professionisti di comprovata esperienza con l\u2019obiettivo di costituire una realt\u00e0 in grado di offrire servizi e prodotti informatici di elevata qualit\u00e0 ed affidabilit\u00e0. La nostra missione Sicom Informatica \u00e8 societ\u00e0 del gruppo specializzata nell&#8217;erogazione di servizi informatici applicati all&#8217;ambiente bancario. Opera nel settore bancario e nell\u2019industria [&hellip;]\" \/>\n<meta property=\"og:url\" content=\"http:\/\/www.sicominformatica.it\/sicomwp\/azienda\/\" \/>\n<meta property=\"og:site_name\" content=\"Sicom Informatica S.r.l.\" \/>\n<meta property=\"article:modified_time\" content=\"2016-02-01T14:10:43+00:00\" \/>\n<meta property=\"og:image\" content=\"http:\/\/www.sicominformatica.it\/sicomwp\/wp-content\/uploads\/2014\/07\/visoffice01-1024x527.jpg\" \/>\n<meta name=\"twitter:label1\" content=\"Tempo di lettura stimato\">\n\t<meta name=\"twitter:data1\" content=\"0 minuti\">\n<script type=\"application\/ld+json\" class=\"yoast-schema-graph\">{\"@context\":\"https:\/\/schema.org\",\"@graph\":[{\"@type\":\"Organization\",\"@id\":\"http:\/\/www.sicominformatica.it\/sicomwp\/#organization\",\"name\":\"Sicom Informatica S.r.l.\",\"url\":\"http:\/\/www.sicominformatica.it\/sicomwp\/\",\"sameAs\":[],\"logo\":{\"@type\":\"ImageObject\",\"@id\":\"http:\/\/www.sicominformatica.it\/sicomwp\/#logo\",\"inLanguage\":\"it-IT\",\"url\":\"http:\/\/www.sicominformatica.it\/sicomwp\/wp-content\/uploads\/2014\/07\/sicom-trasparente-e1407851073473.png\",\"width\":670,\"height\":196,\"caption\":\"Sicom Informatica S.r.l.\"},\"image\":{\"@id\":\"http:\/\/www.sicominformatica.it\/sicomwp\/#logo\"}},{\"@type\":\"WebSite\",\"@id\":\"http:\/\/www.sicominformatica.it\/sicomwp\/#website\",\"url\":\"http:\/\/www.sicominformatica.it\/sicomwp\/\",\"name\":\"Sicom Informatica S.r.l.\",\"description\":\"Banking Application Service\",\"publisher\":{\"@id\":\"http:\/\/www.sicominformatica.it\/sicomwp\/#organization\"},\"potentialAction\":[{\"@type\":\"SearchAction\",\"target\":\"http:\/\/www.sicominformatica.it\/sicomwp\/?s={search_term_string}\",\"query-input\":\"required name=search_term_string\"}],\"inLanguage\":\"it-IT\"},{\"@type\":\"ImageObject\",\"@id\":\"http:\/\/www.sicominformatica.it\/sicomwp\/azienda\/#primaryimage\",\"inLanguage\":\"it-IT\",\"url\":\"http:\/\/www.sicominformatica.it\/sicomwp\/wp-content\/uploads\/2014\/07\/visoffice01.jpg\",\"width\":1940,\"height\":1000},{\"@type\":\"WebPage\",\"@id\":\"http:\/\/www.sicominformatica.it\/sicomwp\/azienda\/#webpage\",\"url\":\"http:\/\/www.sicominformatica.it\/sicomwp\/azienda\/\",\"name\":\"Azienda - Sicom Informatica S.r.l.\",\"isPartOf\":{\"@id\":\"http:\/\/www.sicominformatica.it\/sicomwp\/#website\"},\"primaryImageOfPage\":{\"@id\":\"http:\/\/www.sicominformatica.it\/sicomwp\/azienda\/#primaryimage\"},\"datePublished\":\"2014-07-25T14:21:49+00:00\",\"dateModified\":\"2016-02-01T14:10:43+00:00\",\"inLanguage\":\"it-IT\",\"potentialAction\":[{\"@type\":\"ReadAction\",\"target\":[\"http:\/\/www.sicominformatica.it\/sicomwp\/azienda\/\"]}]}]}<\/script>\n<!-- \/ Yoast SEO plugin. -->","_links":{"self":[{"href":"http:\/\/www.sicominformatica.it\/sicomwp\/wp-json\/wp\/v2\/pages\/15"}],"collection":[{"href":"http:\/\/www.sicominformatica.it\/sicomwp\/wp-json\/wp\/v2\/pages"}],"about":[{"href":"http:\/\/www.sicominformatica.it\/sicomwp\/wp-json\/wp\/v2\/types\/page"}],"author":[{"embeddable":true,"href":"http:\/\/www.sicominformatica.it\/sicomwp\/wp-json\/wp\/v2\/users\/1"}],"replies":[{"embeddable":true,"href":"http:\/\/www.sicominformatica.it\/sicomwp\/wp-json\/wp\/v2\/comments?post=15"}],"version-history":[{"count":4,"href":"http:\/\/www.sicominformatica.it\/sicomwp\/wp-json\/wp\/v2\/pages\/15\/revisions"}],"predecessor-version":[{"id":250,"href":"http:\/\/www.sicominformatica.it\/sicomwp\/wp-json\/wp\/v2\/pages\/15\/revisions\/250"}],"wp:attachment":[{"href":"http:\/\/www.sicominformatica.it\/sicomwp\/wp-json\/wp\/v2\/media?parent=15"}],"curies":[{"name":"wp","href":"https:\/\/api.w.org\/{rel}","templated":true}]}}